.
4
Let h(b) = 24*b + 9. Let v be h(4). Suppose -v = -3*l - 2*l. Calculate the remainder when 61 is divided by l.
19
Let c(o) = 4*o**2 + 7*o + 6. Suppose 0 = 5*q + 4*z - 136, 2*q - z = -q + 68. Calculate the remainder when c(-5) is divided by q.
23
Suppose 15 = -z + 4*z. Suppose 5*r = -0*r - 5*c + 2125, -z*c + 841 = 2*r. Calculate the remainder when r/20 - (-6)/10 is divided by 12.
10
Suppose -2*y - 168 = -6*y. Calculate the remainder when 27 is divided by 1/(129/y + -3).
13
Suppose -3*j - 1 = 2*l - 23, 2*l + 5*j = 22. Calculate the remainder when 43 is divided by l.
10
Let r(p) = -p**2 - 5*p. Let l be r(-5). Suppose l*s = -2*s + 6. What is the remainder when 39 is divided by -1 - -20 - (-3)/s?
19
Suppose 4*i - 13 - 7 = 0. Suppose 0 = 5*y - 3*o - 255, -i*y + 2*y = 2*o - 172. Suppose j = 1 + 13. Calculate the remainder when y is divided by j.
12
Suppose 2*h - 60 = -0*h. Calculate the remainder when h is divided by 8.
6
Let g = -6 - -8. Suppose 35 = g*d - 1. What is the remainder when 70 is divided by d?
16
Suppose 4*i = -6 - 10, -h + i = -18. Suppose -8 = -5*m + 4*m. What is the remainder when h is divided by m?
6
Suppose -4*p + 2*i + 18 = 0, -3*p - i = 7 - 23. What is the remainder when 6/(-9) + (-41)/(-3) is divided by p?
3
Let l(v) = -v - 2. Let j be l(-2). What is the remainder when 3 is divided by 1 - (-2 + 0 - j)?
0
Let a(j) = 2*j**3 - 6*j**2 + 5*j - 4. What is the remainder when 52 is divided by a(3)?
8
Suppose 3*d - a = -3*a + 36, -4*a = 2*d - 32. Suppose d*m - 8*m = 34. Calculate the remainder when 50 is divided by m.
16
Let q = -290 + 204. Suppose 0 = 2*z + 2*z + 172. Let v = z - q. Calculate the remainder when v is divided by 15.
13
Suppose m + 4*c + 60 = 6*m, 3*m - 3*c - 36 = 0. Suppose -64 + 14 = -5*j. What is the remainder when m is divided by 9/15 + 64/j?
5
Let j(q) = -q**3 + 3*q**2 + 2*q + 1. Let w be j(-2). Let a = 29 - w. What is the remainder when ((-70)/4)/((-8)/16) is divided by a?
11
Let d = 1 + -5. Calculate the remainder when 43 is divided by d/(-30) - (-892)/60.
13
Let d be 1602/21 - (-4)/(-14). Suppose y + 3*y - d = 0. Suppose -3*v + 13 = -95. Calculate the remainder when v is divided by y.
17
Suppose 5*a - 23 - 7 = 0. Calculate the remainder when 9 is divided by a.
3
Let w(p) = -p + 1. Let i(o) = -9*o + 9. Let m(q) = -4*i(q) + 42*w(q). What is the remainder when m(-7) is divided by 17?
14
Suppose -x = x - 2*d - 36, 3*d - 30 = -x. Calculate the remainder when 60 is divided by x.
18
Suppose 12 = -0*p + p. Suppose -5*v - 4*n = -99, -4*v - 40 + 140 = -2*n. What is the remainder when v is divided by p?
11
Suppose -45 = -3*l - 0*l. Suppose -285 + 70 = -5*x. Calculate the remainder when x is divided by l.
13
Let i(r) = 6*r**2 + 4. What is the remainder when 109 is divided by i(-2)?
25
Suppose 244 = 5*r - r. Suppose -5*s + 207 = -2*j, 3*s + 5*j - 210 = -r. What is the remainder when s is divided by 11?
10
Let f(g) = 20*g**3 + g. Suppose 3*n + 0 = 183. Calculate the remainder when n is divided by f(1).
19
Let c = -2 - 8. What is the remainder when (-576)/40*c/3 is divided by 17?
14
Let w(l) = l**3 + 9*l**2 - 3*l + 4. Let g = -10 + 6. Calculate the remainder when w(-9) is divided by 45/4 + 1/g.
9
Suppose 0 = 3*x - b - 70, 0*x - 4*x - 2*b + 110 = 0. Calculate the remainder when x is divided by 13 - 2 - (0 + 2).
7
Let d = 19 + 39. Let v(f) = -f**3 - 4*f**2 + 10*f + 8. What is the remainder when d is divided by v(-6)?
18
Let v(t) = -3*t - 4. Let j be v(-3). Suppose 2*b - 4*u - 5 = 1, -j*u = b - 3. What is the remainder when 10 is divided by b?
1
Suppose 4*j - 36 = -4*v, -3*v - j + 35 = 4. Suppose 3*i = -2*i - 15. Let d(o) = -7*o. Calculate the remainder when d(i) is divided by v.
10
Let c = -3 - -1. Let q(p) be the first derivative of -21*p**2/2 - p - 1. What is the remainder when q(c) is divided by 14?
13
Suppose 8*i - 525 = 4*i + 5*a, 3*i = -4*a + 417. What is the remainder when i is divided by 34?
33
Let j(u) = 9*u + 10. What is the remainder when 65 is divided by j(0)?
5
Calculate the remainder when (354/(-1))/(2 + -5 + 1) is divided by 18.
15
Let k(n) = 2*n + 11. What is the remainder when 60 is divided by k(5)?
18
Let h(u) = 2*u**2 - 7*u - 21. Calculate the remainder when 50 is divided by h(7).
22
Let o be -1 - (-3 + (-13 - -2)). Suppose 2*p - o = p. What is the remainder when 25 is divided by p?
12
Calculate the remainder when (-1 - 12)/((-10)/30) is divided by 10.
9
Let n(q) = 4*q + 3. Let f be n(7). Let l = f + -19. Calculate the remainder when 47 is divided by l.
11
Let c(f) = f**2 - 6*f - 4. Let g be c(5). Let y(v) = v**2 + 9*v + 13. Calculate the remainder when 23 is divided by y(g).
10
Let d = -162 + 184. What is the remainder when 37 is divided by d?
15
Let z = 6 + -4. Let s = z + 17. Suppose 7 = 3*x - 2*x. What is the remainder when s is divided by x?
5
Let g = 16 - -5. Let a(x) = 41*x**2 - 2*x + 1. Let q be (0/1 + -1)*-1. What is the remainder when a(q) is divided by g?
19
Suppose -65 = -3*v + 58. What is the remainder when 30 is divided by (-1)/5 - v/(-5)?
6
Let w(z) = z**3 - 5*z**2 + 3*z + 11. Calculate the remainder when w(4) is divided by 3.
1
Let i(s) = s. Let c(z) = -2*z**2 - z + 6. Let v be c(-3). Calculate the remainder when v/(-15) - (-72)/5 is divided by i(4).
3
Let w = -22 + 34. What is the remainder when 259/9 + w/54 is divided by 10?
9
Let b(t) = 15*t**2 - 3*t + 1. Let m be b(2). Suppose 2*z = y - m, 2*z + 2*z - 196 = -4*y. What is the remainder when y is divided by 18?
15
Suppose -228 = -3*v - 39. Calculate the remainder when v is divided by 16.
15
Suppose 3*n - 29 = 31. Let f(m) = n*m - 5*m - 18 + 19. Calculate the remainder when 46 is divided by f(1).
14
Suppose 3*p - 52 = -2*y, -p + 5*y - 4 = 7. Suppose -4*x + d = -0*d - 106, 0 = 5*x + 2*d - 126. What is the remainder when x is divided by p?
12
Let i(o) be the first derivative of 33*o**3 - o**2/2 - 7. What is the remainder when i(1) is divided by 25?
23
Suppose 10 = 7*y - 2*y. Suppose 71 = y*i + 3. Let j(f) = -2*f + 4. Calculate the remainder when i is divided by j(-4).
10
Let x(s) = 2*s + 19. Calculate the remainder when x(-5) is divided by 3.
0
Let t = -142 - -270. Calculate the remainder when t is divided by 44.
40
Calculate the remainder when ((-320)/10 - 1)*22/(-3) is divided by 62.
56
Suppose 0*s = 2*s - 4. Suppose y - 5 = s. What is the remainder when (-3)/12 + 98/8 is divided by y?
5
Let k(j) = -3*j**2 - j**3 + j + 0 + 5 + j**2 - 3. Let w be k(-2). Suppose w = -2*d + 4*d - 42. What is the remainder when d is divided by 12?
9
Let n be (-120)/5*2/(-6). Calculate the remainder when 5 is divided by n/6 - (-2)/3.
1
Suppose -i + 3*i + 3*l - 9 = 0, -4*i = -5*l - 73. Let o = 0 - -46. Calculate the remainder when o is divided by i.
10
Calculate the remainder when 20 is divided by (-4)/(-6) - (-341)/33.
9
Let w = 40 - 24. Calculate the remainder when ((-42)/(-8))/(2/24) is divided by w.
15
Let x = -28 + 43. What is the remainder when 27 is divided by x?
12
Calculate the remainder when 20 is divided by (11/2)/(4 + (-14)/4).
9
Let k be (3 + 9/(-2))*-2. Let n = k - -29. What is the remainder when n is divided by 17?
15
Let i(h) = 2*h**2 - h + 2. Calculate the remainder when 34 - (3 + -3 + -1) is divided by i(-2).
11
Let u be (6 - 2)/(-1 - -3). Let v be (-3)/(-12) + (-15)/(-4). Suppose -u*h = -c + 26, 0*c = -c - v*h + 8. Calculate the remainder when 38 is divided by c.
18
Suppose 0 = 2*a + 2*a + 5*t - 50, -51 = -3*a + 3*t. What is the remainder when a is divided by 10?
5
Let x be 3/(-6) + (-11)/(-2). Let k = x - 4. Suppose -2*a - 8 = -6*a. What is the remainder when a is divided by k?
0
What is the remainder when 39 is divided by 3/2*812/87?
11
Let k(v) = -2*v**3 + 2*v**2 + 2*v - 2. Suppose 0 = -3*j + 4 + 2. Let y be k(j). Let d = y - -17. What is the remainder when 31 is divided by d?
9
Suppose -4*a = -5*a + 5*n + 35, 3*a = 2*n + 53. Let q = a + -3. What is the remainder when 21 is divided by q?
9
Let o be 40/(-7) + 10/(-35). Let f(v) = -4*v + 1. Let g(l) = -l + 1. Let y(x) = f(x) - 2*g(x). Calculate the remainder when y(o) is divided by 4.
3
Suppose 0*m = -3*m - 3*u + 42, -3*m + 46 = 5*u. Let f be (93/(-4))/((-1)/4). Let i = f - 46. Calculate the remainder when i is divided by m.
11
Suppose -5*f + 180 = 5*d, -f - 3*f + 156 = -2*d. Suppose 0 = 2*w 